ded by 265.
8
Calculate the remainder when 1653 is divided by 1158.
495
What is the remainder when 21364 is divided by 10563?
238
Calculate the remainder when 280397 is divided by 18693.
2
Calculate the remainder when 24814 is divided by 710.
674
Calculate the remainder when 9910 is divided by 146.
128
Calculate the remainder when 66136 is divided by 116.
16
Calculate the remainder when 21544 is divided by 11.
6
What is the remainder when 9425 is divided by 855?
20
What is the remainder when 168674 is divided by 88?
66
What is the remainder when 1354395 is divided by 251?
250
What is the remainder when 28842 is divided by 9551?
189
Calculate the remainder when 23657 is divided by 438.
5
Calculate the remainder when 118246 is divided by 156.
154
What is the remainder when 7167 is divided by 1791?
3
Calculate the remainder when 169556 is divided by 437.
0
What is the remainder when 699 is divided by 11?
6
What is the remainder when 112094 is divided by 10189?
15
Calculate the remainder when 60555 is divided by 15107.
127
What is the remainder when 5307 is divided by 16?
11
What is the remainder when 6045 is divided by 126?
123
What is the remainder when 7269 is divided by 427?
10
Calculate the remainder when 18596 is divided by 121.
83
Calculate the remainder when 4656 is divided by 471.
417
What is the remainder when 51391 is divided by 2143?
2102
What is the remainder when 956624 is divided by 272?
0
Calculate the remainder when 1638 is divided by 83.
61
What is the remainder when 874 is divided by 299?
276
Calculate the remainder when 631138 is divided by 23375.
13
Calculate the remainder when 4197 is divided by 89.
14
What is the remainder when 677759 is divided by 12?
11
Calculate the remainder when 19060 is divided by 389.
388
Calculate the remainder when 46143 is divided by 3836.
111
Calculate the remainder when 238 is divided by 160.
78
Calculate the remainder when 7728 is divided by 71.
60
What is the remainder when 144100 is divided by 219?
217
Calculate the remainder when 6044 is divided by 4.
0
Calculate the remainder when 2949663 is divided by 34.
27
Calculate the remainder when 85030 is divided by 245.
15
Calculate the remainder when 3278 is divided by 131.
3
Calculate the remainder when 13621 is divided by 7.
6
Calculate the remainder when 67688 is divided by 40.
8
Calculate the remainder when 121683 is divided by 12.
3
What is the remainder when 4270 is divided by 2008?
254
What is the remainder when 7462610 is divided by 3?
2
What is the remainder when 9656883 is divided by 68?
67
What is the remainder when 26512 is divided by 3310?
32
What is the remainder when 4568399 is divided by 400?
399
Calculate the remainder when 298065 is divided by 240.
225
What is the remainder when 332181 is divided by 5?
1
Calculate the remainder when 1754 is divided by 62.
18
What is the remainder when 48583 is divided by 42?
31
What is the remainder when 268969 is divided by 34?
29
What is the remainder when 14282 is divided by 2037?
23
Calculate the remainder when 313414 is divided by 164.
10
What is the remainder when 7564 is divided by 176?
172
Calculate the remainder when 6809 is divided by 265.
184
What is the remainder when 52276 is divided by 916?
64
What is the remainder when 115142 is divided by 57569?
4
Calculate the remainder when 469 is divided by 465.
4
What is the remainder when 1546 is divided by 236?
130
What is the remainder when 3843 is divided by 3836?
7
Calculate the remainder when 4114 is divided by 229.
221
What is the remainder when 262189 is divided by 97?
95
What is the remainder when 4209 is divided by 14?
9
Calculate the remainder when 53412 is divided by 1907.
16
Calculate the remainder when 150900 is divided by 50284.
48
Calculate the remainder when 119311 is divided by 487.
483
What is the remainder when 11576 is divided by 2892?
8
Calculate the remainder when 34144 is divided by 9.
7
Calculate the remainder when 7779 is divided by 125.
29
What is the remainder when 14739 is divided by 226?
49
Calculate the remainder when 148408 is divided by 298.
4
What is the remainder when 16281 is divided by 8135?
11
Calculate the remainder when 665003 is divided by 950.
3
What is the remainder when 35134 is divided by 533?
489
Calculate the remainder when 6016 is divided by 784.
528
What is the remainder when 11575 is divided by 83?
38
Calculate the remainder when 141614 is divided by 113.
25
Calculate the remainder when 1723 is divided by 287.
1
Calculate the remainder when 34670 is divided by 680.
670
What is the remainder when 1043650 is divided by 615?
610
Calculate the remainder when 3852 is divided by 748.
112
What is the remainder when 11359 is divided by 5077?
1205
What is the remainder when 162030 is divided by 194?
40
What is the remainder when 4463 is divided by 48?
47
What is the remainder when 108915 is divided by 947?
10
What is the remainder when 4971 is divided by 216?
3
Calculate the remainder when 11182 is divided by 3693.
103
What is the remainder when 5917 is divided by 394?
7
What is the remainder when 280199 is divided by 224?
199
What is the remainder when 164171 is divided by 14920?
51
Calculate the remainder when 784 is divided by 760.
24
Calculate the remainder when 27952 is divided by 18.
16
What is the remainder when 3707 is divided by 29?
24
What is the remainder when 1037675 is divided by 14?
9
What is the remainder when 2522 is divided by 388?
194
Calculate the remainder when 2123 is divided by 545.
488
What is the remainder when 1337 is divided by 484?
369
Calculate the remainder when 33824 is divided by 33.
32
Calculate the remainder when 4119 is divided by 2020.
79
Calculate the remainder when 7582 is divided by 3774.
34
Calculate the remainder when 21488 is divided by 457.
9
What is the remainder when 311229 is divided by 26?
9
What is the remainder when 2091 is divided by 859?
373
Calculate the remainder when 34199 is divided by 55.
44
What is the remainder when 603 is divided by 593?
10
Calculate the remainder when 49839 is divided by 6.
3
Calculate the remainder when 590646 is divided by 177.
174
Calculate the remainder when 35283 is divided by 2520.
3
What is the remainder when 5867 is divided by 1169?
22
Calculate the remainder when 2166 is divided by 268.
22
What is the remainder when 3405 is divided by 379?
373
Calculate the remainder when 583 is divided by 283.
17
What is the remainder when 241767 is divided by 14?
1
Calculate the remainder when 423648 is divided by 153.
144
Calculate the remainder when 12418 is divided by 69.
67
Calculate the remainder when 27309 is divided by 5454.
39
What is the remainder when 12958 is divided by 6?
4
Calculate the remainder when 76922 is divided by 46.
10
Calculate the remainder when 63407 is divided by 170.
167
Calculate the remainder when 145367 is divided by 48430.
77
Calculate the remainder when 1673 is divided by 92.
17
Calculate the remainder when 13783 is divided by 120.
103
Calculate the remainder when 337 is divided by 310.
27
Calculate the remainder when 330463 is divided by 92.
91
What is the remainder when 64029 is divided by 305?
284
What is the remainder when 32737 is divided by 92?
77
What is the remainder when 107057 is divided by 94?
85
What is the remainder when 35048 is divided by 340?
28
Calculate the remainder when 147636 is divided by 40.
36
What is the remainder when 50956 is divided by 1308?
1252
What is the remainder when 106554 is divided by 19?
2
What is the remainder when 14929 is divided by 111?
55
Calculate the remainder when 2070 is divided by 1031.
8
What is the remainder when 526 is divided by 451?
75
Calculate the remainder when 3691 is divided by 310.
281
What is the remainder when 6191 is divided by 24?
23
What is the remainder when 930 is divided by 393?
144
Calculate the remainder when 3467 is divided by 216.
11
What is the remainder when 6586 is divided by 467?
48
What is the remainder when 366975 is divided by 19?
9
Calculate the remainder when 9297 is divided by 404.
5
What is the remainder when 17332 is divided by 20?
12
Calculate the remainder when 105197 is divided by 10.
7
What is the remainder when 10568 is divided by 1507?
19
What is the remainder when 10778 is divided by 22?
20
What is the remainde